
What is the remainder when 117251 is divided by 39075?
26
Calculate the remainder when 12002 is divided by 50.
2
Calculate the remainder when 11273 is divided by 2249.
28
Calculate the remainder when 1056 is divided by 383.
290
Calculate the remainder when 2762 is divided by 134.
82
What is the remainder when 956859 is divided by 17?
14
Calculate the remainder when 8231 is divided by 747.
14
What is the remainder when 2631 is divided by 610?
191
Calculate the remainder when 3790 is divided by 85.
50
Calculate the remainder when 6862 is divided by 314.
268
Calculate the remainder when 1653 is divided by 128.
117
What is the remainder when 596007 is divided by 66223?
0
Calculate the remainder when 234949 is divided by 43.
40
Calculate the remainder when 1700 is divided by 548.
56
Calculate the remainder when 47117 is divided by 17.
10
Calculate the remainder when 2002779 is divided by 1793.
1791
Calculate the remainder when 423160 is divided by 41.
40
Calculate the remainder when 6466 is divided by 111.
28
Calculate the remainder when 160 is divided by 33.
28
Calculate the remainder when 13567 is divided by 27.
13
What is the remainder when 22546 is divided by 111?
13
Calculate the remainder when 46569 is divided by 15460.
189
Calculate the remainder when 61877 is divided by 745.
42
Calculate the remainder when 208401 is divided by 8.
1
What is the remainder when 68531 is divided by 6224?
67
What is the remainder when 136657 is divided by 755?
2
Calculate the remainder when 2092 is divided by 315.
202
Calculate the remainder when 29903 is divided by 9956.
35
What is the remainder when 53200 is divided by 190?
0
What is the remainder when 105785 is divided by 192?
185
Calculate the remainder when 243732 is divided by 20.
12
What is the remainder when 41272 is divided by 277?
276
What is the remainder when 12223 is divided by 610?
23
What is the remainder when 2380 is divided by 577?
72
Calculate the remainder when 813842 is divided by 271279.
5
Calculate the remainder when 1705 is divided by 80.
25
What is the remainder when 51666 is divided by 210?
6
What is the remainder when 4191 is divided by 122?
43
Calculate the remainder when 355989 is divided by 10.
9
What is the remainder when 1608 is divided by 697?
214
What is the remainder when 146281 is divided by 53?
1
Calculate the remainder when 7481 is divided by 26.
19
What is the remainder when 53267 is divided by 467?
29
What is the remainder when 629050 is divided by 19?
17
What is the remainder when 29323 is divided by 17?
15
What is the remainder when 14900 is divided by 24?
20
What is the remainder when 3396 is divided by 53?
4
Calculate the remainder when 1199 is divided by 12.
11
Calculate the remainder when 5010 is divided by 625.
10
What is the remainder when 2823 is divided by 142?
125
What is the remainder when 1912 is divided by 176?
152
Calculate the remainder when 1594638 is divided by 83928.
6
Calculate the remainder when 7119 is divided by 2373.
0
What is the remainder when 9642 is divided by 160?
42
Calculate the remainder when 177419 is divided by 132.
11
Calculate the remainder when 4787 is divided by 679.
34
Calculate the remainder when 56901 is divided by 19.
15
Calculate the remainder when 29851 is divided by 3720.
91
What is the remainder when 669 is divided by 260?
149
What is the remainder when 76450 is divided by 112?
66
What is the remainder when 17942 is divided by 98?
8
Calculate the remainder when 28869 is divided by 375.
369
Calculate the remainder when 194567 is divided by 66.
65
Calculate the remainder when 22678 is divided by 42.
40
What is the remainder when 3728271 is divided by 344?
343
Calculate the remainder when 126348 is divided by 63173.
2
What is the remainder when 18261 is divided by 1692?
1341
Calculate the remainder when 1124 is divided by 221.
19
What is the remainder when 1767 is divided by 403?
155
Calculate the remainder when 17007 is divided by 54.
51
What is the remainder when 37599 is divided by 187?
12
What is the remainder when 7967 is divided by 956?
319
What is the remainder when 354 is divided by 236?
118
What is the remainder when 479648 is divided by 479630?
18
What is the remainder when 7808 is divided by 30?
8
What is the remainder when 16199 is divided by 28?
15
Calculate the remainder when 2672 is divided by 456.
392
What is the remainder when 30549 is divided by 48?
21
Calculate the remainder when 18219 is divided by 188.
171
What is the remainder when 8583 is divided by 602?
155
What is the remainder when 412542 is divided by 1719?
1701
Calculate the remainder when 24755 is divided by 18.
5
Calculate the remainder when 884 is divided by 691.
193
Calculate the remainder when 40681 is divided by 2033.
21
What is the remainder when 35636 is divided by 451?
7
Calculate the remainder when 32510 is divided by 10816.
62
Calculate the remainder when 534 is divided by 209.
116
What is the remainder when 2500 is divided by 115?
85
What is the remainder when 38198 is divided by 277?
249
Calculate the remainder when 93837 is divided by 287.
275
Calculate the remainder when 203837 is divided by 320.
317
Calculate the remainder when 14233 is divided by 647.
646
Calculate the remainder when 31591 is divided by 560.
231
What is the remainder when 24536 is divided by 26?
18
What is the remainder when 17494 is divided by 98?
50
What is the remainder when 8520 is divided by 1400?
120
Calculate the remainder when 12619 is divided by 20.
19
Calculate the remainder when 14030 is divided by 1550.
80
Calculate the remainder when 5531 is divided by 70.
1
What is the remainder when 765224 is divided by 516?
512
Calculate the remainder when 15179 is divided by 12.
11
Calculate the remainder when 88742 is divided by 740.
682
What is the remainder when 16224 is divided by 290?
274
What is the remainder when 33955 is divided by 22?
9
What is the remainder when 164765 is divided by 32?
29
What is the remainder when 82287 is divided by 592?
591
What is the remainder when 3002 is divided by 20?
2
What is the remainder when 39063 is divided by 12970?
153
Calculate the remainder when 1041 is divided by 200.
41
Calculate the remainder when 757934 is divided by 132.
122
Calculate the remainder when 578409 is divided by 15.
9
What is the remainder when 329449 is divided by 22?
21
What is the remainder when 419828 is divided by 28?
24
Calculate the remainder when 3157 is divided by 120.
37
What is the remainder when 59067 is divided by 127?
12
What is the remainder when 57211 is divided by 5713?
81
Calculate the remainder when 34433 is divided by 71.
69
What is the remainder when 14543 is divided by 129?
95
Calculate the remainder when 14228 is divided by 490.
18
What is the remainder when 24432 is divided by 6100?
32
What is the remainder when 2069142 is divided by 135?
132
Calculate the remainder when 45578 is divided by 430.
428
What is the remainder when 6855 is divided by 112?
23
What is the remainder when 1456 is divided by 821?
635
Calculate the remainder when 16957 is divided by 99.
28
What is the remainder when 183853 is divided by 11?
10
What is the remainder when 504172 is divided by 335?
332
What is the remainder when 6048 is divided by 141?
126
Calculate the remainder when 18238 is divided by 108.
94
What is the remainder when 173374 is divided by 22?
14
What is the remainder when 9726 is divided by 18?
6
Calculate the remainder when 12937 is divided by 2156.
1
What is the remainder when 1021 is divided by 1011?
10
Calculate the remainder when 91642 is divided by 7.
5
What is the remainder when 20093 is divided by 86?
55
Calculate the remainder when 169336 is divided by 56445.
1
Calculate the remainder when 3645 is divided by 3344.
301
Calculate the remainder when 2603 is divided by 54.
11
Calculate the remainder when 2277 is divided by 258.
213
Calculate the remainder when 118699 is divided by 23.
19
What is the remainder when 23022 is divided by 11349?
324
What is the remainder when 105752 is divided by 19?
17
What is the remainder when 11990 is divided by 1491?
62
What is the remainder when 932 is divided by 337?
258
Calculate the remainder when 408895 is divided by 87.
82
Calculate the remainder when 21626 is divided by 7207.
5
What is the remai